-955).
-6
Let x(z) = -25128*z - 9624002. Give x(-383).
22
Let t(x) = -2*x**3 - 68*x**2 - 9*x - 85. Give t(-34).
221
Let d(y) = -10860*y - 86081. What is d(-8)?
799
Let t(r) = -2036*r + 30486. Calculate t(15).
-54
Let w(r) = 3*r**3 + 40*r**2 + 424*r + 1738. Determine w(-6).
-14
Let v(n) = -n**2 - 9*n - 18. Calculate v(-4).
2
Let q(w) = 1165*w - 4464. Give q(4).
196
Let o(z) = -3*z**2 + 453*z - 12903. What is o(38)?
-21
Let n(f) = -627*f + 13423. What is n(22)?
-371
Let l(m) = -13*m**2 + 6563*m + 39713. Calculate l(-6).
-133
Let n(b) = 428*b - 175166. Determine n(409).
-114
Let p(z) = 2*z**3 - 67*z**2 - 383*z + 9682. Determine p(35).
-48
Let n(y) = 60915*y - 304591. Give n(5).
-16
Let v(a) = 15*a**3 + 6217*a**2 + 15243*a - 406. Give v(-412).
6
Let g(s) = 67*s**2 - 133*s - 504. Determine g(-2).
30
Let u(i) = -1286*i + 13017. What is u(10)?
157
Let a(d) = 5313*d + 148745. Give a(-28).
-19
Let v(p) = 7*p**2 - 83*p - 528. Determine v(28).
2636
Let v(i) = -74*i + 641. Determine v(9).
-25
Let i(z) = -14*z**2 - 7838*z + 1106. Give i(-560).
-14
Let a(i) = 161987*i - 4049708. Give a(25).
-33
Let w(o) = 4591*o - 876907. Calculate w(191).
-26
Let v(a) = -a**3 - 2*a**2 + 75*a - 191. Calculate v(3).
-11
Let w(t) = 8*t**2 + 7*t + 171. Determine w(-10).
901
Let m(i) = i**3 - 200*i**2 + 8776*i - 129. Determine m(65).
-64
Let i(p) = 10*p**2 + 1349*p + 19931. What is i(-118)?
-11
Let m(j) = 4*j - 475. Give m(-5).
-495
Let u(w) = -4462*w + 1151199. Calculate u(258).
3
Let f(h) = -h**2 - h - 9. Determine f(13).
-191
Let v(t) = -367*t**2 + 11699*t + 70. Determine v(32).
-1370
Let g(d) = 69*d**2 + 852*d - 39. Determine g(-13).
546
Let m(r) = 2016*r + 21537. What is m(-10)?
1377
Let s(f) = 2*f**3 + 532*f**2 + 549*f + 4829. Calculate s(-265).
-206
Let i(a) = -11*a**2 + 1129*a + 11060. Calculate i(-9).
8
Let j(k) = 26505*k - 1431295. Calculate j(54).
-25
Let t(b) = -53*b**2 + 9745*b + 1327. What is t(184)?
39
Let t(l) = -17*l**2 + 332*l - 163. Give t(21).
-688
Let n(k) = k**3 - 75*k**2 + 1319*k + 1393. Calculate n(31).
-2
Let k(t) = 8*t**2 - 1628*t + 1137. What is k(203)?
325
Let j(b) = -147*b**2 + 10010*b + 180. Determine j(68).
1132
Let h(j) = -56*j**2 - 8688*j + 43519. Calculate h(-160).
-1
Let g(a) = -4304*a + 111909. Give g(26).
5
Let c(y) = 654*y - 18291. Calculate c(28).
21
Let u(d) = -3*d**2 - 130*d + 939. Determine u(7).
-118
Let l(j) = -3652*j - 2428615. Determine l(-665).
-35
Let s(n) = 5*n**2 + 68*n - 21002. What is s(-72)?
22
Let q(s) = 7*s**3 + 167*s**2 - 618*s - 14259. Give q(-24).
-3
Let x(j) = -j**2 - 3337*j - 118832. Give x(-36).
4
Let l(v) = 5*v**3 + 27*v**2 + 148*v + 13. What is l(-11)?
-5003
Let b(r) = 17833*r + 107058. What is b(-6)?
60
Let u(l) = 366900*l - 1100720. Give u(3).
-20
Let s(z) = z**3 + 35*z**2 - 15313*z - 507530. Give s(-33).
-23
Let r(j) = -2*j**2 - 107*j - 111. What is r(7)?
-958
Let d(k) = 2*k**2 + 70*k + 278. Give d(-7).
-114
Let x(l) = 4209*l + 101043. Calculate x(-24).
27
Let d(v) = 2*v**2 - 674*v + 26501. What is d(287)?
-2199
Let s(y) = -2332*y + 100273. Calculate s(43).
-3
Let o(x) = x**2 + 305*x + 9198. What is o(-271)?
-16
Let t(o) = 13*o**2 - 11537*o + 62626. Determine t(882).
4
Let t(d) = -236*d**2 - 12977*d + 161. Calculate t(-55).
-4
Let a(n) = -n**3 + 8*n**2 + 498*n + 29. Determine a(0).
29
Let r(f) = f**3 - 161*f**2 - 1419*f + 228465. Determine r(161).
6
Let b(p) = 796*p + 358995. Calculate b(-451).
-1
Let b(t) = t**3 - 11*t**2 - 96*t + 1071. Determine b(9).
45
Let m(v) = -50*v**3 - 14*v**2 - 47*v - 65. What is m(-2)?
373
Let n(m) = -25*m**3 - 821*m**2 + 128*m - 38. What is n(-33)?
94
Let n(f) = -936*f + 4249. Give n(6).
-1367
Let x(n) = 2*n**2 + 41*n - 9091. Give x(58).
15
Let j(k) = k**3 + 117*k**2 - 62*k + 6610. Calculate j(-118).
2
Let p(o) = -89*o - 15322. Determine p(-172).
-14
Let o(t) = -53609*t + 267956. Determine o(5).
-89
Let m(j) = j**3 - 6*j**2 + 5*j + 1201. Give m(0).
1201
Let k(q) = -14*q**2 - 5363*q - 5356. What is k(-1)?
-7
Let b(t) = -6*t**2 - 32*t + 907. Determine b(25).
-3643
Let x(v) = -75*v - 26822. Give x(-358).
28
Let z(y) = -787*y + 19433. What is z(25)?
-242
Let r(y) = 9565*y - 67125. Give r(7).
-170
Let z(t) = -721*t**2 - 31637*t + 3830. Determine z(-44).
2
Let j(f) = f**3 - 42*f**2 + 7*f + 1243. Determine j(41).
-151
Let p(i) = -11484*i + 57479. What is p(5)?
59
Let u(y) = y**3 - 134*y**2 - 986*y - 257. What is u(141)?
-116
Let q(i) = -38*i - 5512. Give q(-141).
-154
Let w(o) = -o**2 - 85*o - 2963. What is w(-41)?
-1159
Let u(j) = 4*j**2 - 2057*j + 115205. Determine u(64).
-59
Let b(o) = 2*o**3 + 356*o**2 + 6045*o + 417. What is b(-159)?
-60
Let v(q) = 70768*q + 141648. Give v(-2).
112
Let b(w) = -w**3 + 12395*w**2 - 61954*w - 13. Calculate b(5).
-33
Let f(w) = -3*w**2 + 4909*w - 51. Calculate f(0).
-51
Let s(v) = 1250*v - 372532. Give s(298).
-32
Let n(s) = s**3 + 247*s**2 - 3124*s - 4135. What is n(-259)?
9
Let g(w) = -692*w - 216. What is g(2)?
-1600
Let b(l) = l**3 - 163*l**2 + 1082*l + 1554. Determine b(156).
-6
Let y(z) = 1550*z - 568911. Give y(367).
-61
Let x(y) = 462*y**2 - 2421*y - 2114. What is x(6)?
-8
Let t(y) = -2*y**2 + 1978*y - 21606. Calculate t(11).
-90
Let c(t) = -71997*t - 2519825. Calculate c(-35).
70
Let a(v) = v**3 - 254*v**2 - 78734*v + 195. Determine a(-181).
14
Let l(v) = -4*v**3 - 6*v**2 + 101*v - 37. Give l(-6).
5
Let d(f) = 40*f + 1928. What is d(-42)?
248
Let h(p) = 16*p**3 + 1155*p**2 + 1156*p + 1. Determine h(-1).
-16
Let d(x) = 42*x**3 - 1891*x**2 + 44*x + 48. Calculate d(45).
3
Let q(n) = 683*n**2 + 8202*n - 85. Give q(-12).
-157
Let o(z) = 10*z**2 + 84*z - 164185. What is o(124)?
-9
Let t(p) = 48*p**2 - 203*p + 15. Calculate t(-2).
613
Let z(f) = 12*f**2 - 130*f + 707. Calculate z(6).
359
Let p(l) = 48*l**2 - 5548*l + 135369. What is p(35)?
-11
Let m(h) = -3*h**2 - 121*h - 1580. What is m(-29)?
-594
Let y(t) = -6*t**2 + 332*t + 1827. Calculate y(-6).
-381
Let q(s) = s**3 - 181*s**2 - 185*s + 555. Determine q(182).
9
Let o(r) = r**2 + 421*r - 2518. Determine o(6).
44
Let p(y) = 10*y**3 + 17*y**2 + 76*y + 248. Determine p(-3).
-97
Let t(q) = 386*q + 6704. Determine t(-17).
142
Let m(q) = 5*q**2 + 3587*q + 8498. Determine m(-715).
-82
Let u(r) = 6033*r + 591248. Determine u(-98).
14
Let x(k) = 9*k**2 + 147*k - 79. Calculate x(-15).
-259
Let m(x) = -3*x**3 + 58*x**2 - 197*x + 50. Calculate m(15).
20
Let q(c) = 2*c**3 + 156*c**2 + 148*c - 741. Determine q(-77).
-279
Let x(b) = -3*b**2 + 912*b - 19450. Determine x(281).
-61
Let h(k) = -46*k - 1497. Determine h(-18).
-669
Let f(d) = 408*d + 96375. Calculate f(-233).
1311
Let a(v) = -12*v**2 - 1235*v - 29861. What is a(-64)?
27
Let a(c) = -c**3 - 5*c**2 + 89*c + 567. What is a(-11)?
314
Let n(p) = 117*p - 2986. Give n(22).
-412
Let n(p) = p**2 - 64*p - 3981. What is n(118)?
2391
Let y(m) = 21020*m - 42365. What is y(2)?
-325
Let j(c) = -2*c**3 - 155*c**2 - 717*c + 47. What is j(-5)?
7
Let p(d) = -49*d + 4779. What is p(90)?
369
Let h(v) = -v**2 + 36*v + 449. Give h(46).
-11
Let h(m) = -2229*m + 62796. Give h(28).
384
Let l(d) = -17325*d + 6999348. Calculate l(404).
48
Let c(f) = -29*f**2 + 144*f + 25. Calculate c(5).
20
Let c(l) = 2742*l + 241314. Determine c(-88).
18
Let l(b) = -b**3 + 76*b**2 - 234*b + 1094. Give l(73).
-1
Let k(h) = h**3 - 238*h**2 - 240*h - 287. Give k(239).
-526
Let s(z) = -288*z**2 - 304*z + 300. Calculate s(1).
-292
Let a(m) = -102359*m - 818867. Determine a(-8).
5
Let u(t) = -t**3 + 33*t**2 + 793*t - 105. Calculate u(-16).
-249
Let y(w) = -w**3 + 25*w**2 + 13*w - 174. What is y(22)?
1564
Let n(d) = -2*d**3 - 43*d**2 - 734*d - 16682. Calculate n(-22).
-50
Let p(l) = l**2 - 996*l - 28640. Calculate p(-28).
32
Let b(r) = -2*r**2 + 107*r - 102. What is b(55)?
-267
Let v(f) = -2938*f + 3175998. Calculate v(1081).
20
Let r(q) = 2*q**3 + 13*q**2 + 693*q + 4120. Determine r(-6).
-2
Let b(s) = -1437*s + 34485. Give b(24).
-3
Let f(p) = -214*p + 11877. Determine f(53).
535
Let v(n) = n**3 + 44*n**2 - 1202*n - 316. What is v(-63)?
-1
Let q(g) = 86516*g - 3201064. Determine q(37).
28
Let r(b) = 21*b**2 - 421*b + 2919. What is r(6)?
1149
Let v(q) = 11*q**3 + 137*q**2 + 557*q - 28. Determine v(-4).
-768
Let g(x) = -142*x + 685. Give g(16).
-1587
Let z(s) = -2*s**3 - 69*s**2 - 165*s - 139. Give z(-3